{"id":242,"date":"2014-11-19T17:04:23","date_gmt":"2014-11-19T23:04:23","guid":{"rendered":"https:\/\/tecnedia.com\/?page_id=10"},"modified":"2016-03-11T07:58:24","modified_gmt":"2016-03-11T13:58:24","slug":"inicio","status":"publish","type":"page","link":"https:\/\/tecnedia.com\/site\/","title":{"rendered":"Inicio"},"content":{"rendered":"<p>[et_pb_section admin_label=&#8221;Secci\u00f3n&#8221; fullwidth=&#8221;on&#8221; specialty=&#8221;off&#8221;][et_pb_fullwidth_slider admin_label=&#8221;SLIDER PRINCIPAL HOME&#8221; show_arrows=&#8221;on&#8221; show_pagination=&#8221;on&#8221; auto=&#8221;on&#8221; auto_speed=&#8221;4000&#8243; auto_ignore_hover=&#8221;on&#8221; parallax=&#8221;off&#8221; parallax_method=&#8221;off&#8221; remove_inner_shadow=&#8221;off&#8221; background_position=&#8221;default&#8221; background_size=&#8221;default&#8221; hide_content_on_mobile=&#8221;off&#8221; hide_cta_on_mobile=&#8221;off&#8221; show_image_video_mobile=&#8221;off&#8221; custom_button=&#8221;off&#8221; button_letter_spacing=&#8221;0&#8243; button_use_icon=&#8221;default&#8221; button_icon_placement=&#8221;right&#8221; button_on_hover=&#8221;on&#8221; button_letter_spacing_hover=&#8221;0&#8243; top_padding=&#8221;28%&#8221; bottom_padding=&#8221;28%&#8221;] [et_pb_slide background_image=&#8221;https:\/\/tecnedia.com\/site\/wp-content\/uploads\/2014\/11\/Slider01.jpg&#8221; background_position=&#8221;default&#8221; background_size=&#8221;default&#8221; background_color=&#8221;#ffffff&#8221; use_bg_overlay=&#8221;off&#8221; use_text_overlay=&#8221;off&#8221; alignment=&#8221;center&#8221; background_layout=&#8221;dark&#8221; allow_player_pause=&#8221;off&#8221; admin_title=&#8221;SLIDER 01 TU MISMO&#8221; text_border_radius=&#8221;3&#8243; header_font_select=&#8221;default&#8221; header_font=&#8221;||||&#8221; body_font_select=&#8221;default&#8221; body_font=&#8221;||||&#8221; custom_button=&#8221;off&#8221; button_font_select=&#8221;default&#8221; button_font=&#8221;||||&#8221; button_use_icon=&#8221;default&#8221; button_icon_placement=&#8221;right&#8221; button_on_hover=&#8221;on&#8221;] [\/et_pb_slide][et_pb_slide background_image=&#8221;https:\/\/tecnedia.com\/site\/wp-content\/uploads\/2014\/11\/Slider02.jpg&#8221; background_position=&#8221;default&#8221; background_size=&#8221;default&#8221; background_color=&#8221;#ffffff&#8221; use_bg_overlay=&#8221;off&#8221; use_text_overlay=&#8221;off&#8221; alignment=&#8221;center&#8221; background_layout=&#8221;dark&#8221; allow_player_pause=&#8221;off&#8221; admin_title=&#8221;SLIDER 02 SE VEN MUY BIEN&#8221; text_border_radius=&#8221;3&#8243; header_font_select=&#8221;default&#8221; header_font=&#8221;||||&#8221; body_font_select=&#8221;default&#8221; body_font=&#8221;||||&#8221; custom_button=&#8221;off&#8221; button_font_select=&#8221;default&#8221; button_font=&#8221;||||&#8221; button_use_icon=&#8221;default&#8221; button_icon_placement=&#8221;right&#8221; button_on_hover=&#8221;on&#8221;] [\/et_pb_slide][et_pb_slide background_image=&#8221;https:\/\/tecnedia.com\/site\/wp-content\/uploads\/2014\/11\/Slider03.jpg&#8221; background_position=&#8221;default&#8221; background_size=&#8221;default&#8221; background_color=&#8221;#ffffff&#8221; use_bg_overlay=&#8221;off&#8221; use_text_overlay=&#8221;off&#8221; alignment=&#8221;center&#8221; background_layout=&#8221;dark&#8221; allow_player_pause=&#8221;off&#8221; admin_title=&#8221;SLIDER 03 HOSTING Y DOMINIOS&#8221; text_border_radius=&#8221;3&#8243; header_font_select=&#8221;default&#8221; header_font=&#8221;||||&#8221; body_font_select=&#8221;default&#8221; body_font=&#8221;||||&#8221; custom_button=&#8221;off&#8221; button_font_select=&#8221;default&#8221; button_font=&#8221;||||&#8221; button_use_icon=&#8221;default&#8221; button_icon_placement=&#8221;right&#8221; button_on_hover=&#8221;on&#8221;] [\/et_pb_slide][et_pb_slide background_image=&#8221;https:\/\/tecnedia.com\/site\/wp-content\/uploads\/2014\/11\/Slider04.jpg&#8221; background_position=&#8221;default&#8221; background_size=&#8221;default&#8221; background_color=&#8221;#ffffff&#8221; use_bg_overlay=&#8221;off&#8221; use_text_overlay=&#8221;off&#8221; alignment=&#8221;center&#8221; background_layout=&#8221;dark&#8221; allow_player_pause=&#8221;off&#8221; admin_title=&#8221;SLIDER 04 SOCIAL MEDIA&#8221; text_border_radius=&#8221;3&#8243; header_font_select=&#8221;default&#8221; header_font=&#8221;||||&#8221; body_font_select=&#8221;default&#8221; body_font=&#8221;||||&#8221; custom_button=&#8221;off&#8221; button_font_select=&#8221;default&#8221; button_font=&#8221;||||&#8221; button_use_icon=&#8221;default&#8221; button_icon_placement=&#8221;right&#8221; button_on_hover=&#8221;on&#8221;] [\/et_pb_slide] [\/et_pb_fullwidth_slider][\/et_pb_section][et_pb_section admin_label=&#8221;section&#8221;][et_pb_row admin_label=&#8221;row&#8221;][et_pb_column type=&#8221;4_4&#8243;][et_pb_text admin_label=&#8221;Texto&#8221; background_layout=&#8221;light&#8221; text_orientation=&#8221;center&#8221; text_font_size=&#8221;18&#8243; use_border_color=&#8221;off&#8221; border_color=&#8221;#ffffff&#8221; border_style=&#8221;solid&#8221;]<\/p>\n<p>Somos un bur\u00f3 de servicios web. Brindamos el servicio de hosting profesional y registro de dominios, desarrollamos sitios web, y ofrecemos servicios integrales de social media marketing.<\/p>\n<p>&nbsp;<\/p>\n<h2><span style=\"color: #1e5d87;\"><strong>En Tecnedia\u00ae brindamos atenci\u00f3n personal.<\/strong><\/span><\/h2>\n<h3><span style=\"color: #2991d6;\">Sabemos que nuestros competidores est\u00e1n a un click de distancia.<\/span><br \/>\n<span style=\"color: #2991d6;\"> Por eso nos esforzamos en brindarte el mejor servicio.<\/span><\/h3>\n<p>[\/et_pb_text][\/et_pb_column][\/et_pb_row][et_pb_row admin_label=&#8221;Fila&#8221;][et_pb_column type=&#8221;1_3&#8243;][et_pb_text admin_label=&#8221;Texto&#8221; background_layout=&#8221;light&#8221; text_orientation=&#8221;center&#8221; text_font_size=&#8221;18&#8243; use_border_color=&#8221;off&#8221; border_color=&#8221;#ffffff&#8221; border_style=&#8221;solid&#8221;]<\/p>\n<h4 style=\"text-align: center;\"><a href=\"https:\/\/tecnedia.com\/site\/sitios-web\/\"><img loading=\"lazy\" decoding=\"async\" class=\"alignnone size-full wp-image-95\" src=\"https:\/\/tecnedia.com\/site\/wp-content\/uploads\/2014\/11\/bola-wd.png\" alt=\"bola-wd\" width=\"286\" height=\"286\" srcset=\"https:\/\/tecnedia.com\/site\/wp-content\/uploads\/2014\/11\/bola-wd.png 286w, https:\/\/tecnedia.com\/site\/wp-content\/uploads\/2014\/11\/bola-wd-150x150.png 150w\" sizes=\"(max-width: 286px) 100vw, 286px\" \/><\/a><\/h4>\n<h3><strong><span style=\"color: #2991d6;\">Sitios web<\/span><\/strong><\/h3>\n<p>Te ofrecemos desde opciones muy econ\u00f3micas para tener presencia en Internet, hasta soluciones especializadas como sitios para vender en l\u00ednea, educaci\u00f3n a distancia y comunidades virtuales.<\/p>\n<p>[\/et_pb_text][\/et_pb_column][et_pb_column type=&#8221;1_3&#8243;][et_pb_text admin_label=&#8221;Texto&#8221; background_layout=&#8221;light&#8221; text_orientation=&#8221;center&#8221; text_font_size=&#8221;18&#8243; use_border_color=&#8221;off&#8221; border_color=&#8221;#ffffff&#8221; border_style=&#8221;solid&#8221;]<\/p>\n<h4 style=\"text-align: center;\"><a href=\"https:\/\/tecnedia.com\/site\/hosting-y-dominios\/\"><img loading=\"lazy\" decoding=\"async\" class=\"alignnone size-full wp-image-97\" src=\"https:\/\/tecnedia.com\/site\/wp-content\/uploads\/2014\/11\/bola-hd.png\" alt=\"bola-hd\" width=\"286\" height=\"286\" srcset=\"https:\/\/tecnedia.com\/site\/wp-content\/uploads\/2014\/11\/bola-hd.png 286w, https:\/\/tecnedia.com\/site\/wp-content\/uploads\/2014\/11\/bola-hd-150x150.png 150w\" sizes=\"(max-width: 286px) 100vw, 286px\" \/><\/a><\/h4>\n<h3><strong><span style=\"color: #2991d6;\">Hosting y dominios<\/span><\/strong><\/h3>\n<p>En Tecnedia\u00ae ofrecemos el registro de dominios y hosting profesional, con planes dise\u00f1ados para que puedas hacer un uso \u00f3ptimo al mejor precio.<\/p>\n<p>[\/et_pb_text][\/et_pb_column][et_pb_column type=&#8221;1_3&#8243;][et_pb_text admin_label=&#8221;Texto&#8221; background_layout=&#8221;light&#8221; text_orientation=&#8221;center&#8221; text_font_size=&#8221;18&#8243; use_border_color=&#8221;off&#8221; border_color=&#8221;#ffffff&#8221; border_style=&#8221;solid&#8221;]<\/p>\n<h4 style=\"text-align: center;\"><a href=\"https:\/\/tecnedia.com\/site\/socialmedia\/\"><img loading=\"lazy\" decoding=\"async\" class=\"alignnone size-full wp-image-94\" src=\"https:\/\/tecnedia.com\/site\/wp-content\/uploads\/2014\/11\/bola-serv.png\" alt=\"bola-serv\" width=\"286\" height=\"286\" srcset=\"https:\/\/tecnedia.com\/site\/wp-content\/uploads\/2014\/11\/bola-serv.png 286w, https:\/\/tecnedia.com\/site\/wp-content\/uploads\/2014\/11\/bola-serv-150x150.png 150w\" sizes=\"(max-width: 286px) 100vw, 286px\" \/><\/a><\/h4>\n<h3><strong><span style=\"color: #2991d6;\">Social Media<\/span><\/strong><\/h3>\n<p>Adem\u00e1s en Tecnedia\u00ae te brindamos servicios de gesti\u00f3n profesional de redes sociales. Desde el dise\u00f1o de la campa\u00f1a y segmentaci\u00f3n, hasta la distribuci\u00f3n optima del presupuesto.<\/p>\n<p>[\/et_pb_text][\/et_pb_column][\/et_pb_row][et_pb_row admin_label=&#8221;Fila&#8221;][et_pb_column type=&#8221;4_4&#8243;][et_pb_text admin_label=&#8221;Texto&#8221; background_layout=&#8221;light&#8221; text_orientation=&#8221;left&#8221; text_font_size=&#8221;14&#8243; use_border_color=&#8221;off&#8221; border_color=&#8221;#ffffff&#8221; border_style=&#8221;solid&#8221;] [\/et_pb_text][\/et_pb_column][\/et_pb_row][\/et_pb_section]<\/p>\n","protected":false},"excerpt":{"rendered":"<p>Somos un bur\u00f3 de servicios web. Brindamos el servicio de hosting profesional y registro de dominios, desarrollamos sitios web, y ofrecemos servicios integrales de social media marketing. &nbsp; En Tecnedia\u00ae brindamos atenci\u00f3n personal. Sabemos que nuestros competidores est\u00e1n a un click de distancia. Por eso nos esforzamos en brindarte el mejor servicio. Sitios web Te [&hellip;]<\/p>\n","protected":false},"author":1,"featured_media":0,"parent":0,"menu_order":0,"comment_status":"closed","ping_status":"closed","template":"","meta":{"_et_pb_use_builder":"on","_et_pb_old_content":"<p>\u00a0<\/p><p style=\"text-align: center;\">Somos un bur\u00f3 de servicios de dise\u00f1o y consultor\u00ed\u00ada en tecnolog\u00ed\u00ada.\u00a0Desarrollamos sitios web, brindamos el servicio de hosting profesional\u00a0y\u00a0registro de dominios, web social marketing, capacitaci\u00f3n y asesor\u00ed\u00ada.<\/p><h2 style=\"text-align: center;\"><span style=\"color: #1e5d87;\"><strong>En Tecnedia\u00ae brindamos atenci\u00f3n personal.<\/strong><\/span><\/h2><h3 style=\"text-align: center;\"><span style=\"color: #2991d6;\">Sabemos que nuestros competidores est\u00e1n a un click de distancia.<\/span><br \/> <span style=\"color: #2991d6;\"> Por eso\u00a0nos esforzamos\u00a0en brindarte el mejor servicio.<\/span><\/h3><p style=\"text-align: center;\">[one_third]<\/p><h4 style=\"text-align: center;\"><a href=\"http:\/\/tecnedia.com\/sitios-web\/\"><img class=\"alignnone size-thumbnail wp-image-86\" src=\"http:\/\/tecnedia.com\/wp-content\/uploads\/2014\/11\/bola-wd-150x150.png\" alt=\"bola-wd\" width=\"150\" height=\"150\" \/><\/a><\/h4><h4 style=\"text-align: center;\"><strong><span style=\"color: #2991d6;\">Sitios web<\/span><\/strong><\/h4><p style=\"text-align: center;\">Te ofrecemos desde opciones muy econ\u00f3micas para tener presencia en Internet, hasta soluciones especializadas como sitios para vender en l\u00ed\u00adnea, educaci\u00f3n a distancia y comunidades virtuales.[\/one_third][one_third]<\/p><h4 style=\"text-align: center;\"><a href=\"http:\/\/tecnedia.com\/hosting-y-dominios\/\"><img class=\"alignnone size-thumbnail wp-image-88\" src=\"http:\/\/tecnedia.com\/wp-content\/uploads\/2014\/11\/bola-hd-150x150.png\" alt=\"bola-hd\" width=\"150\" height=\"150\" \/><\/a><\/h4><h4 style=\"text-align: center;\"><strong><span style=\"color: #2991d6;\">Hosting y dominios<\/span><\/strong><\/h4><p style=\"text-align: center;\">En Tecnedia\u00ae ofrecemos el registro de dominios y hosting profesional, con planes dise\u00f1ados para que puedas hacer un uso \u00f3ptimo al mejor precio.[\/one_third][one_third]<\/p><h4 style=\"text-align: center;\"><a href=\"http:\/\/tecnedia.com\/otros-servicios\/\"><img class=\"alignnone size-thumbnail wp-image-85\" src=\"http:\/\/tecnedia.com\/wp-content\/uploads\/2014\/11\/bola-serv-150x150.png\" alt=\"bola-serv\" width=\"150\" height=\"150\" \/><\/a><\/h4><h4 style=\"text-align: center;\"><strong><span style=\"color: #2991d6;\">Consultor\u00ed\u00ada<\/span><\/strong><\/h4><p style=\"text-align: center;\">Adem\u00e1s en Tecnedia\u00ae te brindamos servicios de consultor\u00ed\u00ada, orientaci\u00f3n, capacitaci\u00f3n y soporte, para la utilizaci\u00f3n de tecnolog\u00ed\u00adas que mejoran tu vida.[\/one_third]<\/p><p>\u00a0<\/p>","_et_gb_content_width":"","footnotes":""},"class_list":["post-242","page","type-page","status-publish","hentry"],"_links":{"self":[{"href":"https:\/\/tecnedia.com\/site\/wp-json\/wp\/v2\/pages\/242","targetHints":{"allow":["GET"]}}],"collection":[{"href":"https:\/\/tecnedia.com\/site\/wp-json\/wp\/v2\/pages"}],"about":[{"href":"https:\/\/tecnedia.com\/site\/wp-json\/wp\/v2\/types\/page"}],"author":[{"embeddable":true,"href":"https:\/\/tecnedia.com\/site\/wp-json\/wp\/v2\/users\/1"}],"replies":[{"embeddable":true,"href":"https:\/\/tecnedia.com\/site\/wp-json\/wp\/v2\/comments?post=242"}],"version-history":[{"count":10,"href":"https:\/\/tecnedia.com\/site\/wp-json\/wp\/v2\/pages\/242\/revisions"}],"predecessor-version":[{"id":305,"href":"https:\/\/tecnedia.com\/site\/wp-json\/wp\/v2\/pages\/242\/revisions\/305"}],"wp:attachment":[{"href":"https:\/\/tecnedia.com\/site\/wp-json\/wp\/v2\/media?parent=242"}],"curies":[{"name":"wp","href":"https:\/\/api.w.org\/{rel}","templated":true}]}}