{"id":249,"date":"2014-11-19T18:03:05","date_gmt":"2014-11-20T00:03:05","guid":{"rendered":"https:\/\/tecnedia.com\/?page_id=27"},"modified":"2024-07-19T14:56:37","modified_gmt":"2024-07-19T19:56:37","slug":"hosting-y-dominios","status":"publish","type":"page","link":"https:\/\/tecnedia.com\/site\/hosting-y-dominios\/","title":{"rendered":"Hosting y Dominios"},"content":{"rendered":"<p>[et_pb_section fb_built=&#8221;1&#8243; fullwidth=&#8221;on&#8221; admin_label=&#8221;Secci\u00f3n&#8221; _builder_version=&#8221;4.16&#8243; global_colors_info=&#8221;{}&#8221;][et_pb_fullwidth_image src=&#8221;https:\/\/tecnedia.com\/site\/wp-content\/uploads\/2016\/02\/servidor.jpg&#8221; admin_label=&#8221;Imagen de anchura completa&#8221; _builder_version=&#8221;4.16&#8243; animation=&#8221;off&#8221; use_border_color=&#8221;off&#8221; border_color=&#8221;#ffffff&#8221; border_style=&#8221;solid&#8221; global_colors_info=&#8221;{}&#8221;] [\/et_pb_fullwidth_image][\/et_pb_section][et_pb_section fb_built=&#8221;1&#8243; admin_label=&#8221;section&#8221; _builder_version=&#8221;4.16&#8243; global_colors_info=&#8221;{}&#8221;][et_pb_row admin_label=&#8221;Fila&#8221; _builder_version=&#8221;4.16&#8243; background_size=&#8221;initial&#8221; background_position=&#8221;top_left&#8221; background_repeat=&#8221;repeat&#8221; global_colors_info=&#8221;{}&#8221;][et_pb_column type=&#8221;4_4&#8243; _builder_version=&#8221;4.16&#8243; custom_padding=&#8221;|||&#8221; global_colors_info=&#8221;{}&#8221; custom_padding__hover=&#8221;|||&#8221;][et_pb_text admin_label=&#8221;Si buscas hosting&#8230;.&#8221; _builder_version=&#8221;4.16&#8243; text_text_color=&#8221;#1e5d87&#8243; text_font_size=&#8221;20&#8243; background_size=&#8221;initial&#8221; background_position=&#8221;top_left&#8221; background_repeat=&#8221;repeat&#8221; text_orientation=&#8221;center&#8221; module_alignment=&#8221;center&#8221; use_border_color=&#8221;off&#8221; border_color=&#8221;#ffffff&#8221; border_style=&#8221;solid&#8221; global_colors_info=&#8221;{}&#8221;]Si buscas &#8220;hosting&#8221; en Google\u00ae encontrar\u00e1s <strong>m\u00e1s de 500 millones de resultados<\/strong><\/p>\n<h2><span style=\"color: #2991d6;\">En Tecnedia\u00ae, lo que nos distingue es el servicio.<\/span><\/h2>\n<p>[\/et_pb_text][\/et_pb_column][\/et_pb_row][et_pb_row admin_label=&#8221;Fila&#8221; _builder_version=&#8221;4.16&#8243; background_size=&#8221;initial&#8221; background_position=&#8221;top_left&#8221; background_repeat=&#8221;repeat&#8221; global_colors_info=&#8221;{}&#8221; column_structure=&#8221;1_3,1_3,1_3&#8243;][et_pb_column type=&#8221;1_3&#8243; _builder_version=&#8221;4.16&#8243; custom_padding=&#8221;|||&#8221; global_colors_info=&#8221;{}&#8221; custom_padding__hover=&#8221;|||&#8221;][et_pb_text admin_label=&#8221;Dominios&#8221; _builder_version=&#8221;4.16&#8243; text_font_size=&#8221;16&#8243; background_size=&#8221;initial&#8221; background_position=&#8221;top_left&#8221; background_repeat=&#8221;repeat&#8221; text_orientation=&#8221;center&#8221; module_alignment=&#8221;center&#8221; use_border_color=&#8221;off&#8221; border_color=&#8221;#ffffff&#8221; border_style=&#8221;solid&#8221; global_colors_info=&#8221;{}&#8221;]<\/p>\n<h2><img loading=\"lazy\" decoding=\"async\" class=\"alignnone size-medium wp-image-448\" src=\"https:\/\/tecnedia.com\/site\/wp-content\/uploads\/2014\/11\/circ-dominios-300x300.png\" alt=\"circ-dominios\" width=\"300\" height=\"300\" srcset=\"https:\/\/tecnedia.com\/site\/wp-content\/uploads\/2014\/11\/circ-dominios-300x300.png 300w, https:\/\/tecnedia.com\/site\/wp-content\/uploads\/2014\/11\/circ-dominios-150x150.png 150w, https:\/\/tecnedia.com\/site\/wp-content\/uploads\/2014\/11\/circ-dominios-768x768.png 768w, https:\/\/tecnedia.com\/site\/wp-content\/uploads\/2014\/11\/circ-dominios.png 800w\" sizes=\"(max-width: 300px) 100vw, 300px\" \/><\/h2>\n<h2><span style=\"color: #2991d6;\">Dominios<\/span><\/h2>\n<p>Brindamos el registro de dominios nacionales e internacionales.<\/p>\n<p>Con nosotros tu nombre est\u00e1 reservado y seguro, ya que nos ocupamos de informarte oportunamente de los vencimientos.<\/p>\n<p>&nbsp;<br \/>\n[\/et_pb_text][\/et_pb_column][et_pb_column type=&#8221;1_3&#8243; _builder_version=&#8221;4.16&#8243; custom_padding=&#8221;|||&#8221; global_colors_info=&#8221;{}&#8221; custom_padding__hover=&#8221;|||&#8221;][et_pb_text admin_label=&#8221;Lo hacemos por ti&#8221; _builder_version=&#8221;4.16&#8243; text_font_size=&#8221;16&#8243; background_size=&#8221;initial&#8221; background_position=&#8221;top_left&#8221; background_repeat=&#8221;repeat&#8221; text_orientation=&#8221;center&#8221; module_alignment=&#8221;center&#8221; use_border_color=&#8221;off&#8221; border_color=&#8221;#ffffff&#8221; border_style=&#8221;solid&#8221; global_colors_info=&#8221;{}&#8221;]<\/p>\n<h2><img loading=\"lazy\" decoding=\"async\" class=\"alignnone size-medium wp-image-453\" src=\"https:\/\/tecnedia.com\/site\/wp-content\/uploads\/2014\/11\/circ-soporte-300x300.png\" alt=\"circ-soporte\" width=\"300\" height=\"300\" srcset=\"https:\/\/tecnedia.com\/site\/wp-content\/uploads\/2014\/11\/circ-soporte-300x300.png 300w, https:\/\/tecnedia.com\/site\/wp-content\/uploads\/2014\/11\/circ-soporte-150x150.png 150w, https:\/\/tecnedia.com\/site\/wp-content\/uploads\/2014\/11\/circ-soporte-768x768.png 768w, https:\/\/tecnedia.com\/site\/wp-content\/uploads\/2014\/11\/circ-soporte.png 800w\" sizes=\"(max-width: 300px) 100vw, 300px\" \/><\/h2>\n<h2><span style=\"color: #2991d6;\">Hacemos todo por ti<\/span><\/h2>\n<p>Olv\u00ed\u00addate de configuraciones, administraci\u00f3n, DNS y tickets de servicio.<\/p>\n<p>Nosotros te brindamos la administraci\u00f3n profesional del hosting y dominios para que no tengas que lidiar con dificultades t\u00ed\u00a9cnicas. D\u00ed\u00a9jalo en nuestras manos.<br \/>\n[\/et_pb_text][\/et_pb_column][et_pb_column type=&#8221;1_3&#8243; _builder_version=&#8221;4.16&#8243; custom_padding=&#8221;|||&#8221; global_colors_info=&#8221;{}&#8221; custom_padding__hover=&#8221;|||&#8221;][et_pb_text admin_label=&#8221;Seguridad&#8221; _builder_version=&#8221;4.16&#8243; text_font_size=&#8221;16&#8243; background_size=&#8221;initial&#8221; background_position=&#8221;top_left&#8221; background_repeat=&#8221;repeat&#8221; text_orientation=&#8221;center&#8221; module_alignment=&#8221;center&#8221; use_border_color=&#8221;off&#8221; border_color=&#8221;#ffffff&#8221; border_style=&#8221;solid&#8221; global_colors_info=&#8221;{}&#8221;]<\/p>\n<h2><img loading=\"lazy\" decoding=\"async\" class=\"alignnone size-medium wp-image-454\" src=\"https:\/\/tecnedia.com\/site\/wp-content\/uploads\/2014\/11\/circ-servers-300x300.png\" alt=\"circ-servers\" width=\"300\" height=\"300\" srcset=\"https:\/\/tecnedia.com\/site\/wp-content\/uploads\/2014\/11\/circ-servers-300x300.png 300w, https:\/\/tecnedia.com\/site\/wp-content\/uploads\/2014\/11\/circ-servers-150x150.png 150w, https:\/\/tecnedia.com\/site\/wp-content\/uploads\/2014\/11\/circ-servers-768x768.png 768w, https:\/\/tecnedia.com\/site\/wp-content\/uploads\/2014\/11\/circ-servers.png 800w\" sizes=\"(max-width: 300px) 100vw, 300px\" \/><\/h2>\n<h2><span style=\"color: #2991d6;\">Seguridad y confianza<\/span><\/h2>\n<p>La informaci\u00f3n dentro de los servidores se encuentra bajo una plataforma Linux, una de las m\u00e1s estables y seguras.<\/p>\n<p>La red y centros de datos son monitoreados por t\u00ed\u00a9cnicos dedicados a garantizar la m\u00e1xima disponibilidad y fiabilidad.<br \/>\n[\/et_pb_text][\/et_pb_column][\/et_pb_row][\/et_pb_section][et_pb_section fb_built=&#8221;1&#8243; admin_label=&#8221;Secci\u00f3n&#8221; _builder_version=&#8221;4.16&#8243; global_colors_info=&#8221;{}&#8221;][et_pb_row admin_label=&#8221;Fila&#8221; _builder_version=&#8221;4.16&#8243; background_size=&#8221;initial&#8221; background_position=&#8221;top_left&#8221; background_repeat=&#8221;repeat&#8221; global_colors_info=&#8221;{}&#8221;][et_pb_column type=&#8221;4_4&#8243; _builder_version=&#8221;4.16&#8243; custom_padding=&#8221;|||&#8221; global_colors_info=&#8221;{}&#8221; custom_padding__hover=&#8221;|||&#8221;][et_pb_text admin_label=&#8221;Cpanel y recursos ilimitados&#8221; _builder_version=&#8221;4.16&#8243; text_font_size=&#8221;16&#8243; background_size=&#8221;initial&#8221; background_position=&#8221;top_left&#8221; background_repeat=&#8221;repeat&#8221; text_orientation=&#8221;center&#8221; module_alignment=&#8221;center&#8221; use_border_color=&#8221;off&#8221; border_color=&#8221;#ffffff&#8221; border_style=&#8221;solid&#8221; global_colors_info=&#8221;{}&#8221;]<strong>Planes de Hosting<\/strong> con\u00a0 <img loading=\"lazy\" decoding=\"async\" class=\"alignnone wp-image-318\" src=\"https:\/\/tecnedia.com\/site\/wp-content\/uploads\/2014\/11\/CPanel_logo.png\" alt=\"CPanel_logo\" width=\"98\" height=\"21\" \/> y <strong>recursos ilimitados.<\/strong><\/p>\n<p>Tenemos el plan de hosting que necesitas; <span style=\"color: #2991d6;\"><strong>espacio y ancho de banda sin l\u00ed\u00admite, cuentas de correo sin l\u00ed\u00admite y Softaculous\u00ae<\/strong><\/span><br \/>\n[\/et_pb_text][et_pb_pricing_tables admin_label=&#8221;Tablas de precios&#8221; _builder_version=&#8221;4.27.0&#8243; price_font=&#8221;Droid Sans|on|||&#8221; price_font_size=&#8221;50&#8243; hover_enabled=&#8221;0&#8243; use_border_color=&#8221;off&#8221; border_color=&#8221;#ffffff&#8221; border_style=&#8221;solid&#8221; remove_featured_drop_shadow=&#8221;off&#8221; button_letter_spacing_hover=&#8221;0&#8243; center_list_items=&#8221;off&#8221; global_colors_info=&#8221;{}&#8221; button_text_size__hover_enabled=&#8221;off&#8221; button_one_text_size__hover_enabled=&#8221;off&#8221; button_two_text_size__hover_enabled=&#8221;off&#8221; button_text_color__hover_enabled=&#8221;off&#8221; button_one_text_color__hover_enabled=&#8221;off&#8221; button_two_text_color__hover_enabled=&#8221;off&#8221; button_border_width__hover_enabled=&#8221;off&#8221; button_one_border_width__hover_enabled=&#8221;off&#8221; button_two_border_width__hover_enabled=&#8221;off&#8221; button_border_color__hover_enabled=&#8221;off&#8221; button_one_border_color__hover_enabled=&#8221;off&#8221; button_two_border_color__hover_enabled=&#8221;off&#8221; button_border_radius__hover_enabled=&#8221;off&#8221; button_one_border_radius__hover_enabled=&#8221;off&#8221; button_two_border_radius__hover_enabled=&#8221;off&#8221; button_letter_spacing__hover_enabled=&#8221;on&#8221; button_letter_spacing__hover=&#8221;0&#8243; button_one_letter_spacing__hover_enabled=&#8221;off&#8221; button_two_letter_spacing__hover_enabled=&#8221;off&#8221; button_bg_color__hover_enabled=&#8221;off&#8221; button_one_bg_color__hover_enabled=&#8221;off&#8221; button_two_bg_color__hover_enabled=&#8221;off&#8221; sticky_enabled=&#8221;0&#8243;][et_pb_pricing_table title=&#8221;PLAN B\u00ed\u0081SICO&#8221; subtitle=&#8221;Para sitios web peque\u00f1os&#8221; currency=&#8221;$&#8221; per=&#8221;POR MES&#8221; sum=&#8221;42&#8243; _builder_version=&#8221;4.16&#8243; header_font=&#8221;||||&#8221; body_font=&#8221;||||&#8221; subheader_font=&#8221;||||&#8221; price_font=&#8221;||||&#8221; currency_frequency_font=&#8221;||||&#8221; button_icon_placement=&#8221;right&#8221; button_on_hover=&#8221;on&#8221; global_colors_info=&#8221;{}&#8221; sticky_transition=&#8221;on&#8221; button_text_size__hover_enabled=&#8221;off&#8221; button_one_text_size__hover_enabled=&#8221;off&#8221; button_two_text_size__hover_enabled=&#8221;off&#8221; button_text_color__hover_enabled=&#8221;off&#8221; button_one_text_color__hover_enabled=&#8221;off&#8221; button_two_text_color__hover_enabled=&#8221;off&#8221; button_border_width__hover_enabled=&#8221;off&#8221; button_one_border_width__hover_enabled=&#8221;off&#8221; button_two_border_width__hover_enabled=&#8221;off&#8221; button_border_color__hover_enabled=&#8221;off&#8221; button_one_border_color__hover_enabled=&#8221;off&#8221; button_two_border_color__hover_enabled=&#8221;off&#8221; button_border_radius__hover_enabled=&#8221;off&#8221; button_one_border_radius__hover_enabled=&#8221;off&#8221; button_two_border_radius__hover_enabled=&#8221;off&#8221; button_letter_spacing__hover_enabled=&#8221;off&#8221; button_one_letter_spacing__hover_enabled=&#8221;off&#8221; button_two_letter_spacing__hover_enabled=&#8221;off&#8221; button_bg_color__hover_enabled=&#8221;off&#8221; button_one_bg_color__hover_enabled=&#8221;off&#8221; button_two_bg_color__hover_enabled=&#8221;off&#8221;]Hospedaje de un dominio<\/p>\n<p>500 MB de espacio en el disco<\/p>\n<p>5000 MB de ancho de banda<\/p>\n<p>5 cuentas de correo electr\u00f3nico<\/p>\n<p>Cpanel\u00ae<\/p>\n<p>S\u00f3lo disponible en pago anual\u00a0($500 MNX)<br \/>\n[\/et_pb_pricing_table][et_pb_pricing_table featured=&#8221;on&#8221; title=&#8221;PLAN PREMIUM&#8221; subtitle=&#8221;Ilimitado&#8221; currency=&#8221;$&#8221; per=&#8221;AL MES&#8221; sum=&#8221;199&#8243; _builder_version=&#8221;4.27.0&#8243; header_font=&#8221;||||&#8221; body_font=&#8221;||||&#8221; subheader_font=&#8221;||||&#8221; price_font=&#8221;||||&#8221; currency_frequency_font=&#8221;||||&#8221; button_icon_placement=&#8221;right&#8221; button_on_hover=&#8221;on&#8221; hover_enabled=&#8221;0&#8243; global_colors_info=&#8221;{}&#8221; sticky_transition=&#8221;on&#8221; button_text_size__hover_enabled=&#8221;off&#8221; button_one_text_size__hover_enabled=&#8221;off&#8221; button_two_text_size__hover_enabled=&#8221;off&#8221; button_text_color__hover_enabled=&#8221;off&#8221; button_one_text_color__hover_enabled=&#8221;off&#8221; button_two_text_color__hover_enabled=&#8221;off&#8221; button_border_width__hover_enabled=&#8221;off&#8221; button_one_border_width__hover_enabled=&#8221;off&#8221; button_two_border_width__hover_enabled=&#8221;off&#8221; button_border_color__hover_enabled=&#8221;off&#8221; button_one_border_color__hover_enabled=&#8221;off&#8221; button_two_border_color__hover_enabled=&#8221;off&#8221; button_border_radius__hover_enabled=&#8221;off&#8221; button_one_border_radius__hover_enabled=&#8221;off&#8221; button_two_border_radius__hover_enabled=&#8221;off&#8221; button_letter_spacing__hover_enabled=&#8221;off&#8221; button_one_letter_spacing__hover_enabled=&#8221;off&#8221; button_two_letter_spacing__hover_enabled=&#8221;off&#8221; button_bg_color__hover_enabled=&#8221;off&#8221; button_one_bg_color__hover_enabled=&#8221;off&#8221; button_two_bg_color__hover_enabled=&#8221;off&#8221; sticky_enabled=&#8221;0&#8243;]<\/p>\n<p>Hospedaje de un dominio<\/p>\n<p>Espacio en el disco ilimitado<\/p>\n<p>Ancho de banda ilimitado<\/p>\n<p>Cuentas de correo electr\u00f3nico ilimitadas<\/p>\n<p>Cpanel\u00ae<\/p>\n<p>Softaculous\u00ae<\/p>\n<p>2 meses gratis en pago anual\u00a0($2000 MNX)<\/p>\n<p>Per\u00ed\u00adodo m\u00ed\u00adnimo de pago: trimestral<\/p>\n<p>[\/et_pb_pricing_table][et_pb_pricing_table title=&#8221;PLAN ULTRA MD&#8221; subtitle=&#8221;Multidominio&#8221; currency=&#8221;$&#8221; per=&#8221;AL MES&#8221; sum=&#8221;499&#8243; _builder_version=&#8221;4.16&#8243; header_font=&#8221;||||&#8221; body_font=&#8221;||||&#8221; subheader_font=&#8221;||||&#8221; price_font=&#8221;||||&#8221; currency_frequency_font=&#8221;||||&#8221; button_icon_placement=&#8221;right&#8221; button_on_hover=&#8221;on&#8221; global_colors_info=&#8221;{}&#8221; sticky_transition=&#8221;on&#8221; button_text_size__hover_enabled=&#8221;off&#8221; button_one_text_size__hover_enabled=&#8221;off&#8221; button_two_text_size__hover_enabled=&#8221;off&#8221; button_text_color__hover_enabled=&#8221;off&#8221; button_one_text_color__hover_enabled=&#8221;off&#8221; button_two_text_color__hover_enabled=&#8221;off&#8221; button_border_width__hover_enabled=&#8221;off&#8221; button_one_border_width__hover_enabled=&#8221;off&#8221; button_two_border_width__hover_enabled=&#8221;off&#8221; button_border_color__hover_enabled=&#8221;off&#8221; button_one_border_color__hover_enabled=&#8221;off&#8221; button_two_border_color__hover_enabled=&#8221;off&#8221; button_border_radius__hover_enabled=&#8221;off&#8221; button_one_border_radius__hover_enabled=&#8221;off&#8221; button_two_border_radius__hover_enabled=&#8221;off&#8221; button_letter_spacing__hover_enabled=&#8221;off&#8221; button_one_letter_spacing__hover_enabled=&#8221;off&#8221; button_two_letter_spacing__hover_enabled=&#8221;off&#8221; button_bg_color__hover_enabled=&#8221;off&#8221; button_one_bg_color__hover_enabled=&#8221;off&#8221; button_two_bg_color__hover_enabled=&#8221;off&#8221;]Hospedaje multidominio<\/p>\n<p>Espacio en el disco ilimitado<\/p>\n<p>Ancho de banda ilimitado<\/p>\n<p>Cuentas de correo electr\u00f3nico ilimitadas<\/p>\n<p>Cpanel\u00ae<\/p>\n<p>Softaculous\u00ae<\/p>\n<p>2 meses gratis en pago anual\u00a0($5000 MNX)<br \/>\n[\/et_pb_pricing_table][\/et_pb_pricing_tables][et_pb_text admin_label=&#8221;D\u00ed\u00a9janos administrar&#8221; _builder_version=&#8221;4.16&#8243; text_font_size=&#8221;17&#8243; background_size=&#8221;initial&#8221; background_position=&#8221;top_left&#8221; background_repeat=&#8221;repeat&#8221; text_orientation=&#8221;center&#8221; module_alignment=&#8221;center&#8221; use_border_color=&#8221;off&#8221; border_color=&#8221;#ffffff&#8221; border_style=&#8221;solid&#8221; global_colors_info=&#8221;{}&#8221;]D\u00ed\u00a9janos administrar tu sitio web por ti y olv\u00ed\u00addate de tickets de servicio, tecnicismos y complicaciones.<br \/>\n<strong>\u00a1En Tecnedia estamos para ayudarte!<\/strong><br \/>\n[\/et_pb_text][\/et_pb_column][\/et_pb_row][\/et_pb_section][et_pb_section fb_built=&#8221;1&#8243; custom_padding_last_edited=&#8221;on|desktop&#8221; admin_label=&#8221;Secci\u00f3n&#8221; _builder_version=&#8221;4.16&#8243; background_color=&#8221;#ffffff&#8221; custom_padding_tablet=&#8221;50px|0|50px|0&#8243; transparent_background=&#8221;off&#8221; padding_mobile=&#8221;off&#8221; make_fullwidth=&#8221;off&#8221; use_custom_width=&#8221;off&#8221; width_unit=&#8221;on&#8221; global_colors_info=&#8221;{}&#8221; custom_padding_phone=&#8221;50px|0|50px|0&#8243;][et_pb_row admin_label=&#8221;Fila&#8221; _builder_version=&#8221;4.16&#8243; background_size=&#8221;initial&#8221; background_position=&#8221;top_left&#8221; background_repeat=&#8221;repeat&#8221; global_colors_info=&#8221;{}&#8221; column_structure=&#8221;1_3,2_3&#8243;][et_pb_column type=&#8221;1_3&#8243; _builder_version=&#8221;4.16&#8243; custom_padding=&#8221;|||&#8221; global_colors_info=&#8221;{}&#8221; custom_padding__hover=&#8221;|||&#8221;][et_pb_image src=&#8221;https:\/\/tecnedia.com\/site\/wp-content\/uploads\/2014\/11\/software.png&#8221; align_tablet=&#8221;center&#8221; align_last_edited=&#8221;on|desktop&#8221; admin_label=&#8221;Caja Softaculous&#8221; _builder_version=&#8221;4.16&#8243; animation=&#8221;off&#8221; use_border_color=&#8221;off&#8221; border_color=&#8221;#ffffff&#8221; border_style=&#8221;solid&#8221; sticky=&#8221;off&#8221; always_center_on_mobile=&#8221;on&#8221; global_colors_info=&#8221;{}&#8221; align_phone=&#8221;center&#8221;] [\/et_pb_image][\/et_pb_column][et_pb_column type=&#8221;2_3&#8243; _builder_version=&#8221;4.16&#8243; custom_padding=&#8221;|||&#8221; global_colors_info=&#8221;{}&#8221; custom_padding__hover=&#8221;|||&#8221;][et_pb_text admin_label=&#8221;Texto Softacuous&#8221; _builder_version=&#8221;4.16&#8243; text_font_size=&#8221;16&#8243; background_size=&#8221;initial&#8221; background_position=&#8221;top_left&#8221; background_repeat=&#8221;repeat&#8221; use_border_color=&#8221;off&#8221; border_color=&#8221;#ffffff&#8221; border_style=&#8221;solid&#8221; global_colors_info=&#8221;{}&#8221;]Todos nuestros planes incluyen <strong>Softaculous\u00ae<\/strong> el instalador de scripts con una variedad de m\u00e1s de 320 aplicaciones web basadas en PHP. Cualquier aplicaci\u00f3n puede instalarse de forma r\u00e1pida y sin problemas, sin necesidad de experiencia o habilidades especiales. <strong>Softaculous<\/strong>\u00ae<strong> har\u00e1 toda la instalaci\u00f3n y configuraci\u00f3n e incluso crear\u00e1 bases de datos MySQL.<\/strong><\/p>\n<p>Las aplicaciones web que forman parte del conjunto del instalador de scripts se agrupan en varias categor\u00ed\u00adas: blogs, CMS, aplicaciones de apoyo al cliente, foros de discusi\u00f3n, e-comercio, aplicaciones de preguntas m\u00e1s frecuentes, libros de visitas, aplicaciones de facturaci\u00f3n de alojamiento, galer\u00ed\u00adas de im\u00e1genes, listas de correo, encuestas y sondeos, gesti\u00f3n de proyectos, constructores de sitios, aplicaciones wiki y otros scripts tales como gesti\u00f3n de anuncios y e-aprendizaje. <a href=\"https:\/\/www.softaculous.com\/softaculous\/apps\" target=\"_blank\" rel=\"noopener\">Ver todas las aplicaciones<\/a> <a href=\"https:\/\/www.softaculous.com\/softaculous\/apps\" target=\"_blank\" rel=\"noopener\">&#x2197;<\/a><br \/>\n[\/et_pb_text][\/et_pb_column][\/et_pb_row][\/et_pb_section][et_pb_section fb_built=&#8221;1&#8243; admin_label=&#8221;Secci\u00f3n&#8221; _builder_version=&#8221;4.16&#8243; global_colors_info=&#8221;{}&#8221;][et_pb_row admin_label=&#8221;row&#8221; _builder_version=&#8221;4.16&#8243; background_size=&#8221;initial&#8221; background_position=&#8221;top_left&#8221; background_repeat=&#8221;repeat&#8221; global_colors_info=&#8221;{}&#8221;][et_pb_column type=&#8221;4_4&#8243; _builder_version=&#8221;4.16&#8243; custom_padding=&#8221;|||&#8221; global_colors_info=&#8221;{}&#8221; custom_padding__hover=&#8221;|||&#8221;][et_pb_text admin_label=&#8221;Dominios y final&#8221; _builder_version=&#8221;4.16&#8243; text_font_size=&#8221;16&#8243; background_size=&#8221;initial&#8221; background_position=&#8221;top_left&#8221; background_repeat=&#8221;repeat&#8221; text_orientation=&#8221;center&#8221; module_alignment=&#8221;center&#8221; use_border_color=&#8221;off&#8221; border_color=&#8221;#ffffff&#8221; border_style=&#8221;solid&#8221; global_colors_info=&#8221;{}&#8221;]<\/p>\n<h1><strong><span style=\"color: #2991d6;\">REGISTRO DE DOMINIOS<\/span><\/strong><\/h1>\n<p>Deja de preocuparte por registros, configuraciones de DNS y m\u00e1s cosas t\u00ed\u00a9cnicas. En Tecnedia\u00ae hacemos todo por ti.<\/p>\n<p>Registramos a tu nombre el dominio que necesitas para tu p\u00e1gina web y tus correos electr\u00f3nicos, adem\u00e1s\u00a0nos encargamos de recordarte oportunamente de las renovaciones para que nunca pierdas tu registro.<\/p>\n<p><img loading=\"lazy\" decoding=\"async\" class=\"alignnone wp-image-444\" src=\"https:\/\/tecnedia.com\/site\/wp-content\/uploads\/2014\/11\/dominios.png\" alt=\"dominios\" width=\"431\" height=\"73\" srcset=\"https:\/\/tecnedia.com\/site\/wp-content\/uploads\/2014\/11\/dominios.png 900w, https:\/\/tecnedia.com\/site\/wp-content\/uploads\/2014\/11\/dominios-300x51.png 300w, https:\/\/tecnedia.com\/site\/wp-content\/uploads\/2014\/11\/dominios-768x130.png 768w\" sizes=\"(max-width: 431px) 100vw, 431px\" \/><\/p>\n<p><span style=\"color: #2991d6;\"><strong>Y m\u00e1s de 100 opciones de terminaciones de dominios disponibles. Seguramente tenemos el que necesitas.<\/strong><\/span><\/p>\n<p>&nbsp;<\/p>\n<p>Para contratar nuestros servicios de <strong>hosting y registro de dominios, <a href=\"#footer\">cont\u00e1ctanos<\/a><\/strong>, estamos para ayudarte.<br \/>\n[\/et_pb_text][\/et_pb_column][\/et_pb_row][\/et_pb_section]<\/p>\n","protected":false},"excerpt":{"rendered":"<p>Si buscas &#8220;hosting&#8221; en Google\u00ae encontrar\u00e1s m\u00e1s de 500 millones de resultados En Tecnedia\u00ae, lo que nos distingue es el servicio. Dominios Brindamos el registro de dominios nacionales e internacionales. Con nosotros tu nombre est\u00e1 reservado y seguro, ya que nos ocupamos de informarte oportunamente de los vencimientos. &nbsp; Hacemos todo por ti Olv\u00ed\u00addate de [&hellip;]<\/p>\n","protected":false},"author":1,"featured_media":0,"parent":0,"menu_order":0,"comment_status":"closed","ping_status":"closed","template":"","meta":{"_et_pb_use_builder":"on","_et_pb_old_content":"<p>\u00a0<\/p><p><img class=\"alignnone size-full wp-image-156\" src=\"http:\/\/tecnedia.com\/wp-content\/uploads\/2014\/11\/hosting1.png\" alt=\"hosting1\" width=\"1080\" height=\"567\" \/><\/p><h3 style=\"text-align: center;\">\u00a0<\/h3><h3 style=\"text-align: center;\">\u00a0<\/h3><h3 style=\"text-align: center;\">NUESTROS SERVICIOS DE HOSTING<\/h3><p style=\"text-align: center;\">[one_second]<img class=\"size-full wp-image-161\" src=\"http:\/\/tecnedia.com\/wp-content\/uploads\/2014\/11\/PERSONAL.png\" alt=\"PERSONAL\" width=\"434\" height=\"176\" \/><br \/> El plan b\u00e1sico \"Personal Starter\" es uno de los planes m\u00e1s econ\u00f3micos del mercado. Con tan\u00a0s\u00f3lo\u00a01 peso diario el plan Personal de Tecnedia te ofrece lo necesario para comenzar y tener presencia en Internet sin pagar altos costos. Ideal para profesionistas independientes y peque\u00f1os negocios.<\/p><h3 style=\"text-align: center;\"><span style=\"color: #993300;\">$ 365 anuales<\/span>[\/one_second][one_second]<img class=\"alignnone size-full wp-image-162\" src=\"http:\/\/tecnedia.com\/wp-content\/uploads\/2014\/11\/PREMIUM.png\" alt=\"PREMIUM\" width=\"434\" height=\"176\" \/><\/h3><p style=\"text-align: center;\">\"Premium Flex\" es nuestro plan de hosting m\u00e1s robusto. Con increibles caracter\u00ed\u00adsticas ilimitadas, Premium Flex Hosting de Tecnedia es el servicio de hosting\u00a0que crece contigo.\u00a0Adecuado para empresas grandes y peque\u00f1as con alto tr\u00e1fico de datos y grandes cantidades de correo.<\/p><h3 style=\"text-align: center;\"><span style=\"color: #800000;\">Desde $199 al mes<\/span>\u00a0[\/one_second]<\/h3><p style=\"text-align: center;\">D\u00ed\u00a9janos administrar tu sitio por ti y \u00f3lv\u00ed\u00addate de tecnisismos y complicaciones. \u00a1En Tecnedia estamos para ayudarte!<\/p><h2 style=\"text-align: center;\">Registro de dominios<\/h2><p style=\"text-align: center;\">Registramos una amplia gama de terminaciones de dominio de terminaciones de dominio para ti. Las m\u00e1s comunes:<\/p><h1 style=\"text-align: center;\"><strong>.COM .MX .NET .ORG .EDU .TV<\/strong><\/h1><p style=\"text-align: center;\">Y m\u00e1s de 100 opciones de terminaciones m\u00e1s. Seguramente tenemos el que necesitas.<\/p><p>\u00a0<\/p>","_et_gb_content_width":"","footnotes":""},"class_list":["post-249","page","type-page","status-publish","hentry"],"_links":{"self":[{"href":"https:\/\/tecnedia.com\/site\/wp-json\/wp\/v2\/pages\/249","targetHints":{"allow":["GET"]}}],"collection":[{"href":"https:\/\/tecnedia.com\/site\/wp-json\/wp\/v2\/pages"}],"about":[{"href":"https:\/\/tecnedia.com\/site\/wp-json\/wp\/v2\/types\/page"}],"author":[{"embeddable":true,"href":"https:\/\/tecnedia.com\/site\/wp-json\/wp\/v2\/users\/1"}],"replies":[{"embeddable":true,"href":"https:\/\/tecnedia.com\/site\/wp-json\/wp\/v2\/comments?post=249"}],"version-history":[{"count":45,"href":"https:\/\/tecnedia.com\/site\/wp-json\/wp\/v2\/pages\/249\/revisions"}],"predecessor-version":[{"id":494,"href":"https:\/\/tecnedia.com\/site\/wp-json\/wp\/v2\/pages\/249\/revisions\/494"}],"wp:attachment":[{"href":"https:\/\/tecnedia.com\/site\/wp-json\/wp\/v2\/media?parent=249"}],"curies":[{"name":"wp","href":"https:\/\/api.w.org\/{rel}","templated":true}]}}